{"id":377,"date":"2021-05-05T11:06:46","date_gmt":"2021-05-05T08:06:46","guid":{"rendered":"https:\/\/feeniks-koulu.fi\/wp_feeniks\/?page_id=377"},"modified":"2021-06-09T10:22:20","modified_gmt":"2021-06-09T07:22:20","slug":"evasteet","status":"publish","type":"page","link":"https:\/\/feeniks-koulu.fi\/wp_feeniks\/evasteet\/","title":{"rendered":"Ev\u00e4steet"},"content":{"rendered":"<div class=\"cli_pg_page_contaner\">\n<h3>Tietoa ev\u00e4steist\u00e4<\/h3>\n<div>T\u00e4m\u00e4 ev\u00e4steit\u00e4 koskeva seloste kertoo mit\u00e4 ev\u00e4steet ovat, kuinka niit\u00e4 k\u00e4ytet\u00e4\u00e4n ja millaisia ev\u00e4steit\u00e4 k\u00e4yt\u00e4mme verkkosivuillamme. Ev\u00e4steill\u00e4 ker\u00e4t\u00e4\u00e4n tietoa, jota k\u00e4ytet\u00e4\u00e4n eri tarkoituksiin. Voit kontrolloida ev\u00e4steiden ker\u00e4\u00e4m\u00e4\u00e4 tietoa ev\u00e4steasetuksista. Lue tarkemmin ker\u00e4\u00e4m\u00e4st\u00e4mme tiedosta ja sen k\u00e4yt\u00f6st\u00e4 Tietosuoja-selosteestamme.Voit milloin tahansa muuttaa tai perua antamasi suostumuksen verkkosivujemme ev\u00e4steasetuksista.Suostumuksesi on k\u00e4yt\u00f6ss\u00e4 seuraavan verkkotunnuksen sivuilla: feeniks-koulu.fiLue lis\u00e4tietoja meist\u00e4, miten voit ottaa yhteytt\u00e4 sek\u00e4 miten k\u00e4sittelemme henkil\u00f6tietoja Tietosuoja-selosteestamme.\u00a0<div class=\"cli_user_consent_state\">Your current state: No consent given. <a class=\"cli_manage_current_consent\" style=\"cursor:pointer;text-decoration:underline;\">Manage your consent.<\/a> <\/div><\/div>\n<h3>Mit\u00e4 ev\u00e4steet ovat?<\/h3>\n<div>\n<p id=\"tw-target-text\" class=\"tw-data-text tw-text-large XcVN5d tw-ta\" dir=\"ltr\" style=\"text-align: left;\" data-placeholder=\"K\u00e4\u00e4nn\u00f6s\"><span class=\"Y2IQFc\" lang=\"fi\">Ev\u00e4steet ovat pieni\u00e4 tekstitiedostoja, joita k\u00e4ytet\u00e4\u00e4n pienten tietojen tallentamiseen.\u00a0 Ne tallennetaan laitteeseesi, kun verkkosivusto ladataan selaimeesi. N\u00e4m\u00e4 ev\u00e4steet auttavat meit\u00e4 saamaan verkkosivuston toimimaan kunnolla, parantamaan sen turvallisuutta sek\u00e4 tarjoamaan paremman k\u00e4ytt\u00f6kokemuksen. Lis\u00e4ksi voimme ymm\u00e4rt\u00e4\u00e4 verkkosivuston toimintaa ja analysoida, mik\u00e4 toimii ja miss\u00e4 sit\u00e4 on parannettava.<\/span><\/p>\n<\/div>\n<h3>Kuinka k\u00e4yt\u00e4mme ev\u00e4steit\u00e4?<\/h3>\n<div>\n<p id=\"tw-target-text\" class=\"tw-data-text tw-text-large XcVN5d tw-ta\" dir=\"ltr\" data-placeholder=\"K\u00e4\u00e4nn\u00f6s\"><span class=\"Y2IQFc\" lang=\"fi\">Kuten suurin osa online-palveluista, verkkosivustomme k\u00e4ytt\u00e4\u00e4 erilaisia ev\u00e4steit\u00e4 useisiin tarkoituksiin. Tietyt ev\u00e4steet ovat t\u00e4rkeit\u00e4 tai jopa v\u00e4ltt\u00e4m\u00e4tt\u00f6mi\u00e4, jotta verkkosivusto toimisi oikealla tavalla, eiv\u00e4tk\u00e4 ne ker\u00e4\u00e4 mit\u00e4\u00e4n henkil\u00f6kohtaisia \u200b\u200btietojasi.<\/span><\/p>\n<p id=\"tw-target-text\" class=\"tw-data-text tw-text-large XcVN5d tw-ta\" dir=\"ltr\" data-placeholder=\"K\u00e4\u00e4nn\u00f6s\"><span class=\"Y2IQFc\" lang=\"fi\">Verkkosivustollamme k\u00e4ytett\u00e4v\u00e4t kolmannen osapuolen ev\u00e4steet on tarkoitettu p\u00e4\u00e4asiassa sen ymm\u00e4rt\u00e4miseen, miten verkkosivusto toimii, miten olet vuorovaikutuksessa verkkosivustomme kanssa, pit\u00e4m\u00e4\u00e4n palvelumme suojattuna ja tarjoamaan sinulle merkityksellist\u00e4 sis\u00e4lt\u00f6\u00e4. Kaiken kaikkiaan niiden tarkoitus on tarjota sinulle parempi k\u00e4ytt\u00e4j\u00e4kokemus ja auttaa nopeuttamaan tulevaa vuorovaikutustasi verkkosivustollamme.<\/span><\/p>\n<\/div>\n<h3>Millaisia ev\u00e4steit\u00e4 k\u00e4yt\u00e4mme?<\/h3>\n<div>\n<p id=\"tw-target-text\" class=\"tw-data-text tw-text-large XcVN5d tw-ta\" dir=\"ltr\" data-placeholder=\"K\u00e4\u00e4nn\u00f6s\"><span class=\"Y2IQFc\" lang=\"fi\">V\u00e4ltt\u00e4m\u00e4tt\u00f6m\u00e4t ev\u00e4steet: Jotkut ev\u00e4steet ovat v\u00e4ltt\u00e4m\u00e4tt\u00f6mi\u00e4, jotta sivustomme kaikki toiminnot ovat k\u00e4ytett\u00e4viss\u00e4si. Niiden avulla voimme yll\u00e4pit\u00e4\u00e4 k\u00e4ytt\u00e4j\u00e4istuntoja ja est\u00e4\u00e4 kaikki turvallisuusuhat. Ne eiv\u00e4t ker\u00e4\u00e4 tai tallenna mit\u00e4\u00e4n henkil\u00f6kohtaisia \u200b\u200btietoja. N\u00e4iden ev\u00e4steiden avulla voit esimerkiksi kirjautua sis\u00e4\u00e4n tiliisi ja lis\u00e4t\u00e4 tietosi yhteydenottolomakkeelle.<\/span><\/p>\n<p id=\"tw-target-text\" class=\"tw-data-text tw-text-large XcVN5d tw-ta\" dir=\"ltr\" data-placeholder=\"K\u00e4\u00e4nn\u00f6s\"><span class=\"Y2IQFc\" lang=\"fi\">Analytiikka: N\u00e4m\u00e4 ev\u00e4steet tallentavat tietoja, kuten verkkosivuston k\u00e4vij\u00e4m\u00e4\u00e4r\u00e4\u00e4, yksil\u00f6llisten k\u00e4vij\u00f6iden m\u00e4\u00e4r\u00e4\u00e4 ja mill\u00e4 verkkosivuston sivuilla k\u00e4vij\u00e4 on vieraillut jne. N\u00e4m\u00e4 tiedot auttavat meit\u00e4 ymm\u00e4rt\u00e4m\u00e4\u00e4n ja analysoimaan verkkosivuston toimintaa ja havaitsemaan mahdollisia parannuskohteita.<\/span><\/p>\n<p id=\"tw-target-text\" class=\"tw-data-text tw-text-large XcVN5d tw-ta\" dir=\"ltr\" data-placeholder=\"K\u00e4\u00e4nn\u00f6s\"><span class=\"Y2IQFc\" lang=\"fi\">Mainonta: Verkkosivustollamme saatetaan n\u00e4ytt\u00e4\u00e4 Feeniks-nettikoulun omia sek\u00e4 yhteisty\u00f6kumppaneiden mainoksia. N\u00e4it\u00e4 ev\u00e4steit\u00e4 k\u00e4ytet\u00e4\u00e4n yksil\u00f6im\u00e4\u00e4n sinulle n\u00e4ytett\u00e4v\u00e4t mainokset siten, ett\u00e4 ne ovat sinulle merkityksellisi\u00e4. N\u00e4m\u00e4 ev\u00e4steet auttavat meit\u00e4 my\u00f6s seuraamaan n\u00e4iden mainoskampanjoiden tehokkuutta. Kolmannet osapuolet voivat my\u00f6s k\u00e4ytt\u00e4\u00e4 n\u00e4ihin ev\u00e4steisiin tallennettuja tietoja n\u00e4ytt\u00e4\u00e4kseen sinulle mainoksia my\u00f6s muilla selaimen verkkosivustoilla.<\/span><\/p>\n<p id=\"tw-target-text\" class=\"tw-data-text tw-text-large XcVN5d tw-ta\" dir=\"ltr\" data-placeholder=\"K\u00e4\u00e4nn\u00f6s\"><span class=\"Y2IQFc\" lang=\"fi\">Toiminnallisuus: N\u00e4m\u00e4 ovat ev\u00e4steit\u00e4, jotka auttavat tiettyj\u00e4 ei-v\u00e4ltt\u00e4m\u00e4tt\u00f6mi\u00e4 toimintoja verkkosivustollamme. N\u00e4ihin toimintoihin kuuluu sis\u00e4ll\u00f6n (esim. videon) upottaminen tai verkkosivuston sis\u00e4ll\u00f6n jakaminen sosiaalisen median alustoilla.<\/span><\/p>\n<p id=\"tw-target-text\" class=\"tw-data-text tw-text-large XcVN5d tw-ta\" dir=\"ltr\" data-placeholder=\"K\u00e4\u00e4nn\u00f6s\"><span class=\"Y2IQFc\" lang=\"fi\">K\u00e4ytt\u00e4j\u00e4yst\u00e4v\u00e4llisyys: N\u00e4m\u00e4 ev\u00e4steet auttavat meit\u00e4 tallentamaan asetuksesi ja selausasetuksesi, jotta sinulla on parempi ja tehokas kokemus tulevista verkkosivustok\u00e4ynneist\u00e4.<\/span><\/p>\n<p>The below list details the cookies used in our website.<\/p><table class=\"cookielawinfo-row-cat-table cookielawinfo-classic\"><thead><tr><th class=\"cookielawinfo-column-1\">Cookie<\/th><th class=\"cookielawinfo-column-4\">Description<\/th><\/tr><\/thead><tbody><tr class=\"cookielawinfo-row\"><td class=\"cookielawinfo-column-1\">__cf_bm<\/td><td class=\"cookielawinfo-column-4\">This cookie is set by CloudFlare. The cookie is used to support Cloudflare Bot Management.<\/td><\/tr><tr class=\"cookielawinfo-row\"><td class=\"cookielawinfo-column-1\">__cfduid<\/td><td class=\"cookielawinfo-column-4\">The cookie is used by cdn services like CloudFlare to identify individual clients behind a shared IP address and apply security settings on a per-client basis. It does not correspond to any user ID in the web application and does not store any personally identifiable information.<\/td><\/tr><tr class=\"cookielawinfo-row\"><td class=\"cookielawinfo-column-1\">_fbp<\/td><td class=\"cookielawinfo-column-4\">This cookie is set by Facebook to deliver advertisement when they are on Facebook or a digital platform powered by Facebook advertising after visiting this website.<\/td><\/tr><tr class=\"cookielawinfo-row\"><td class=\"cookielawinfo-column-1\">_ga<\/td><td class=\"cookielawinfo-column-4\">This cookie is installed by Google Analytics. The cookie is used to calculate visitor, session, campaign data and keep track of site usage for the site's analytics report. The cookies store information anonymously and assign a randomly generated number to identify unique visitors.<\/td><\/tr><tr class=\"cookielawinfo-row\"><td class=\"cookielawinfo-column-1\">_ga_JYSDN6HG12<\/td><td class=\"cookielawinfo-column-4\">No description<\/td><\/tr><tr class=\"cookielawinfo-row\"><td class=\"cookielawinfo-column-1\">cookielawinfo-checkbox-advertisement<\/td><td class=\"cookielawinfo-column-4\">The cookie is set by GDPR cookie consent to record the user consent for the cookies in the category \"Advertisement\".<\/td><\/tr><tr class=\"cookielawinfo-row\"><td class=\"cookielawinfo-column-1\">cookielawinfo-checkbox-analytics<\/td><td class=\"cookielawinfo-column-4\">This cookies is set by GDPR Cookie Consent WordPress Plugin. The cookie is used to remember the user consent for the cookies under the category \"Analytics\".<\/td><\/tr><tr class=\"cookielawinfo-row\"><td class=\"cookielawinfo-column-1\">cookielawinfo-checkbox-functional<\/td><td class=\"cookielawinfo-column-4\">The cookie is set by GDPR cookie consent to record the user consent for the cookies in the category \"Functional\".<\/td><\/tr><tr class=\"cookielawinfo-row\"><td class=\"cookielawinfo-column-1\">cookielawinfo-checkbox-necessary<\/td><td class=\"cookielawinfo-column-4\">This cookie is set by GDPR Cookie Consent plugin. The cookies is used to store the user consent for the cookies in the category \"Necessary\".<\/td><\/tr><tr class=\"cookielawinfo-row\"><td class=\"cookielawinfo-column-1\">cookielawinfo-checkbox-others<\/td><td class=\"cookielawinfo-column-4\">No description<\/td><\/tr><tr class=\"cookielawinfo-row\"><td class=\"cookielawinfo-column-1\">cookielawinfo-checkbox-performance<\/td><td class=\"cookielawinfo-column-4\">This cookie is set by GDPR Cookie Consent plugin. The cookie is used to store the user consent for the cookies in the category \"Performance\".<\/td><\/tr><tr class=\"cookielawinfo-row\"><td class=\"cookielawinfo-column-1\">fr<\/td><td class=\"cookielawinfo-column-4\">The cookie is set by Facebook to show relevant advertisments to the users and measure and improve the advertisements. The cookie also tracks the behavior of the user across the web on sites that have Facebook pixel or Facebook social plugin.<\/td><\/tr><\/tbody><\/table>\n<\/div>\n<h3 id=\"tw-target-text\" class=\"tw-data-text tw-text-large XcVN5d tw-ta\" dir=\"ltr\" data-placeholder=\"K\u00e4\u00e4nn\u00f6s\"><span class=\"Y2IQFc\" lang=\"fi\">Kuinka voin hallita ev\u00e4steasetuksia?<\/span><\/h3>\n<div>\n<p id=\"tw-target-text\" class=\"tw-data-text tw-text-large XcVN5d tw-ta\" dir=\"ltr\" data-placeholder=\"K\u00e4\u00e4nn\u00f6s\"><span class=\"Y2IQFc\" lang=\"fi\">Jos p\u00e4\u00e4t\u00e4t muuttaa asetuksiasi my\u00f6hemmin selausistunnon aikana, voit napsauttaa &#8221;Hallitse ev\u00e4steit\u00e4&#8221; -v\u00e4lilehte\u00e4 ruudulla. T\u00e4m\u00e4 n\u00e4ytt\u00e4\u00e4 suostumusilmoituksen uudelleen, jolloin voit muuttaa asetuksiasi tai peruuttaa suostumuksesi kokonaan.<\/span><\/p>\n<p id=\"tw-target-text\" class=\"tw-data-text tw-text-large XcVN5d tw-ta\" dir=\"ltr\" data-placeholder=\"K\u00e4\u00e4nn\u00f6s\"><span class=\"Y2IQFc\" lang=\"fi\">T\u00e4m\u00e4n lis\u00e4ksi eri selaimet tarjoavat erilaisia \u200b\u200btapoja est\u00e4\u00e4 ja poistaa verkkosivustojen k\u00e4ytt\u00e4mi\u00e4 ev\u00e4steit\u00e4. Voit muuttaa selaimesi asetuksia est\u00e4m\u00e4\u00e4n \/ poistamaan ev\u00e4steet. Lis\u00e4tietoja ev\u00e4steiden hallinnasta ja poistamisesta on osoitteessa <a href=\"https:\/\/fi.wikipedia.org\/wiki\/Ev%C3%A4ste\">wikipedia.org<\/a> ja <a href=\"https:\/\/www.allaboutcookies.org\/manage-cookies\/\">www.allaboutcookies.org<\/a> (englanniksi).<br \/>\n<\/span><\/p>\n<\/div>\n<\/div>\n","protected":false},"excerpt":{"rendered":"<p>Tietoa ev\u00e4steist\u00e4 T\u00e4m\u00e4 ev\u00e4steit\u00e4 koskeva seloste kertoo mit\u00e4 ev\u00e4steet ovat, kuinka niit\u00e4 k\u00e4ytet\u00e4\u00e4n ja millaisia ev\u00e4steit\u00e4 k\u00e4yt\u00e4mme verkkosivuillamme. Ev\u00e4steill\u00e4 ker\u00e4t\u00e4\u00e4n tietoa, jota k\u00e4ytet\u00e4\u00e4n eri tarkoituksiin. Voit kontrolloida ev\u00e4steiden ker\u00e4\u00e4m\u00e4\u00e4 tietoa ev\u00e4steasetuksista. Lue tarkemmin ker\u00e4\u00e4m\u00e4st\u00e4mme tiedosta ja sen k\u00e4yt\u00f6st\u00e4 Tietosuoja-selosteestamme.Voit milloin tahansa muuttaa tai perua antamasi suostumuksen verkkosivujemme ev\u00e4steasetuksista.Suostumuksesi on k\u00e4yt\u00f6ss\u00e4 seuraavan verkkotunnuksen sivuilla: feeniks-koulu.fiLue lis\u00e4tietoja [&hellip;]<\/p>\n","protected":false},"author":1,"featured_media":0,"parent":0,"menu_order":0,"comment_status":"closed","ping_status":"closed","template":"","meta":{"_monsterinsights_skip_tracking":false,"_monsterinsights_sitenote_active":false,"_monsterinsights_sitenote_note":"","_monsterinsights_sitenote_category":0,"footnotes":""},"class_list":["post-377","page","type-page","status-publish","hentry"],"yoast_head":"<!-- This site is optimized with the Yoast SEO plugin v27.3 - https:\/\/yoast.com\/product\/yoast-seo-wordpress\/ -->\n<title>Ev\u00e4steet - Feeniks-nettikoulu<\/title>\n<meta name=\"description\" content=\"T\u00e4m\u00e4 ev\u00e4steit\u00e4 koskeva seloste kertoo mit\u00e4 ev\u00e4steet ovat, kuinka niit\u00e4 k\u00e4ytet\u00e4\u00e4n ja millaisia ev\u00e4steit\u00e4 k\u00e4yt\u00e4mme verkkosivuillamme.\" \/>\n<meta name=\"robots\" content=\"index, follow, max-snippet:-1, max-image-preview:large, max-video-preview:-1\" \/>\n<link rel=\"canonical\" href=\"https:\/\/feeniks-koulu.fi\/wp_feeniks\/evasteet\/\" \/>\n<meta property=\"og:locale\" content=\"fi_FI\" \/>\n<meta property=\"og:type\" content=\"article\" \/>\n<meta property=\"og:title\" content=\"Ev\u00e4steet - Feeniks-nettikoulu\" \/>\n<meta property=\"og:description\" content=\"T\u00e4m\u00e4 ev\u00e4steit\u00e4 koskeva seloste kertoo mit\u00e4 ev\u00e4steet ovat, kuinka niit\u00e4 k\u00e4ytet\u00e4\u00e4n ja millaisia ev\u00e4steit\u00e4 k\u00e4yt\u00e4mme verkkosivuillamme.\" \/>\n<meta property=\"og:url\" content=\"https:\/\/feeniks-koulu.fi\/wp_feeniks\/evasteet\/\" \/>\n<meta property=\"og:site_name\" content=\"Feeniks-nettikoulu\" \/>\n<meta property=\"article:modified_time\" content=\"2021-06-09T07:22:20+00:00\" \/>\n<meta name=\"twitter:card\" content=\"summary_large_image\" \/>\n<meta name=\"twitter:label1\" content=\"Arvioitu lukuaika\" \/>\n\t<meta name=\"twitter:data1\" content=\"2 minuuttia\" \/>\n<script type=\"application\/ld+json\" class=\"yoast-schema-graph\">{\"@context\":\"https:\\\/\\\/schema.org\",\"@graph\":[{\"@type\":\"WebPage\",\"@id\":\"https:\\\/\\\/feeniks-koulu.fi\\\/wp_feeniks\\\/evasteet\\\/\",\"url\":\"https:\\\/\\\/feeniks-koulu.fi\\\/wp_feeniks\\\/evasteet\\\/\",\"name\":\"Ev\u00e4steet - Feeniks-nettikoulu\",\"isPartOf\":{\"@id\":\"https:\\\/\\\/feeniks-koulu.fi\\\/wp_feeniks\\\/#website\"},\"datePublished\":\"2021-05-05T08:06:46+00:00\",\"dateModified\":\"2021-06-09T07:22:20+00:00\",\"description\":\"T\u00e4m\u00e4 ev\u00e4steit\u00e4 koskeva seloste kertoo mit\u00e4 ev\u00e4steet ovat, kuinka niit\u00e4 k\u00e4ytet\u00e4\u00e4n ja millaisia ev\u00e4steit\u00e4 k\u00e4yt\u00e4mme verkkosivuillamme.\",\"breadcrumb\":{\"@id\":\"https:\\\/\\\/feeniks-koulu.fi\\\/wp_feeniks\\\/evasteet\\\/#breadcrumb\"},\"inLanguage\":\"fi\",\"potentialAction\":[{\"@type\":\"ReadAction\",\"target\":[\"https:\\\/\\\/feeniks-koulu.fi\\\/wp_feeniks\\\/evasteet\\\/\"]}]},{\"@type\":\"BreadcrumbList\",\"@id\":\"https:\\\/\\\/feeniks-koulu.fi\\\/wp_feeniks\\\/evasteet\\\/#breadcrumb\",\"itemListElement\":[{\"@type\":\"ListItem\",\"position\":1,\"name\":\"Etusivu\",\"item\":\"https:\\\/\\\/feeniks-koulu.fi\\\/wp_feeniks\\\/\"},{\"@type\":\"ListItem\",\"position\":2,\"name\":\"Ev\u00e4steet\"}]},{\"@type\":\"WebSite\",\"@id\":\"https:\\\/\\\/feeniks-koulu.fi\\\/wp_feeniks\\\/#website\",\"url\":\"https:\\\/\\\/feeniks-koulu.fi\\\/wp_feeniks\\\/\",\"name\":\"Feeniks-nettikoulu\",\"description\":\"\",\"publisher\":{\"@id\":\"https:\\\/\\\/feeniks-koulu.fi\\\/wp_feeniks\\\/#organization\"},\"potentialAction\":[{\"@type\":\"SearchAction\",\"target\":{\"@type\":\"EntryPoint\",\"urlTemplate\":\"https:\\\/\\\/feeniks-koulu.fi\\\/wp_feeniks\\\/?s={search_term_string}\"},\"query-input\":{\"@type\":\"PropertyValueSpecification\",\"valueRequired\":true,\"valueName\":\"search_term_string\"}}],\"inLanguage\":\"fi\"},{\"@type\":\"Organization\",\"@id\":\"https:\\\/\\\/feeniks-koulu.fi\\\/wp_feeniks\\\/#organization\",\"name\":\"Feeniks-nettikoulu\",\"url\":\"https:\\\/\\\/feeniks-koulu.fi\\\/wp_feeniks\\\/\",\"logo\":{\"@type\":\"ImageObject\",\"inLanguage\":\"fi\",\"@id\":\"https:\\\/\\\/feeniks-koulu.fi\\\/wp_feeniks\\\/#\\\/schema\\\/logo\\\/image\\\/\",\"url\":\"https:\\\/\\\/feeniks-koulu.fi\\\/wp_feeniks\\\/wp-content\\\/uploads\\\/2016\\\/08\\\/oranssi_pieni.png\",\"contentUrl\":\"https:\\\/\\\/feeniks-koulu.fi\\\/wp_feeniks\\\/wp-content\\\/uploads\\\/2016\\\/08\\\/oranssi_pieni.png\",\"width\":600,\"height\":187,\"caption\":\"Feeniks-nettikoulu\"},\"image\":{\"@id\":\"https:\\\/\\\/feeniks-koulu.fi\\\/wp_feeniks\\\/#\\\/schema\\\/logo\\\/image\\\/\"}}]}<\/script>\n<!-- \/ Yoast SEO plugin. -->","yoast_head_json":{"title":"Ev\u00e4steet - Feeniks-nettikoulu","description":"T\u00e4m\u00e4 ev\u00e4steit\u00e4 koskeva seloste kertoo mit\u00e4 ev\u00e4steet ovat, kuinka niit\u00e4 k\u00e4ytet\u00e4\u00e4n ja millaisia ev\u00e4steit\u00e4 k\u00e4yt\u00e4mme verkkosivuillamme.","robots":{"index":"index","follow":"follow","max-snippet":"max-snippet:-1","max-image-preview":"max-image-preview:large","max-video-preview":"max-video-preview:-1"},"canonical":"https:\/\/feeniks-koulu.fi\/wp_feeniks\/evasteet\/","og_locale":"fi_FI","og_type":"article","og_title":"Ev\u00e4steet - Feeniks-nettikoulu","og_description":"T\u00e4m\u00e4 ev\u00e4steit\u00e4 koskeva seloste kertoo mit\u00e4 ev\u00e4steet ovat, kuinka niit\u00e4 k\u00e4ytet\u00e4\u00e4n ja millaisia ev\u00e4steit\u00e4 k\u00e4yt\u00e4mme verkkosivuillamme.","og_url":"https:\/\/feeniks-koulu.fi\/wp_feeniks\/evasteet\/","og_site_name":"Feeniks-nettikoulu","article_modified_time":"2021-06-09T07:22:20+00:00","twitter_card":"summary_large_image","twitter_misc":{"Arvioitu lukuaika":"2 minuuttia"},"schema":{"@context":"https:\/\/schema.org","@graph":[{"@type":"WebPage","@id":"https:\/\/feeniks-koulu.fi\/wp_feeniks\/evasteet\/","url":"https:\/\/feeniks-koulu.fi\/wp_feeniks\/evasteet\/","name":"Ev\u00e4steet - Feeniks-nettikoulu","isPartOf":{"@id":"https:\/\/feeniks-koulu.fi\/wp_feeniks\/#website"},"datePublished":"2021-05-05T08:06:46+00:00","dateModified":"2021-06-09T07:22:20+00:00","description":"T\u00e4m\u00e4 ev\u00e4steit\u00e4 koskeva seloste kertoo mit\u00e4 ev\u00e4steet ovat, kuinka niit\u00e4 k\u00e4ytet\u00e4\u00e4n ja millaisia ev\u00e4steit\u00e4 k\u00e4yt\u00e4mme verkkosivuillamme.","breadcrumb":{"@id":"https:\/\/feeniks-koulu.fi\/wp_feeniks\/evasteet\/#breadcrumb"},"inLanguage":"fi","potentialAction":[{"@type":"ReadAction","target":["https:\/\/feeniks-koulu.fi\/wp_feeniks\/evasteet\/"]}]},{"@type":"BreadcrumbList","@id":"https:\/\/feeniks-koulu.fi\/wp_feeniks\/evasteet\/#breadcrumb","itemListElement":[{"@type":"ListItem","position":1,"name":"Etusivu","item":"https:\/\/feeniks-koulu.fi\/wp_feeniks\/"},{"@type":"ListItem","position":2,"name":"Ev\u00e4steet"}]},{"@type":"WebSite","@id":"https:\/\/feeniks-koulu.fi\/wp_feeniks\/#website","url":"https:\/\/feeniks-koulu.fi\/wp_feeniks\/","name":"Feeniks-nettikoulu","description":"","publisher":{"@id":"https:\/\/feeniks-koulu.fi\/wp_feeniks\/#organization"},"potentialAction":[{"@type":"SearchAction","target":{"@type":"EntryPoint","urlTemplate":"https:\/\/feeniks-koulu.fi\/wp_feeniks\/?s={search_term_string}"},"query-input":{"@type":"PropertyValueSpecification","valueRequired":true,"valueName":"search_term_string"}}],"inLanguage":"fi"},{"@type":"Organization","@id":"https:\/\/feeniks-koulu.fi\/wp_feeniks\/#organization","name":"Feeniks-nettikoulu","url":"https:\/\/feeniks-koulu.fi\/wp_feeniks\/","logo":{"@type":"ImageObject","inLanguage":"fi","@id":"https:\/\/feeniks-koulu.fi\/wp_feeniks\/#\/schema\/logo\/image\/","url":"https:\/\/feeniks-koulu.fi\/wp_feeniks\/wp-content\/uploads\/2016\/08\/oranssi_pieni.png","contentUrl":"https:\/\/feeniks-koulu.fi\/wp_feeniks\/wp-content\/uploads\/2016\/08\/oranssi_pieni.png","width":600,"height":187,"caption":"Feeniks-nettikoulu"},"image":{"@id":"https:\/\/feeniks-koulu.fi\/wp_feeniks\/#\/schema\/logo\/image\/"}}]}},"_links":{"self":[{"href":"https:\/\/feeniks-koulu.fi\/wp_feeniks\/wp-json\/wp\/v2\/pages\/377","targetHints":{"allow":["GET"]}}],"collection":[{"href":"https:\/\/feeniks-koulu.fi\/wp_feeniks\/wp-json\/wp\/v2\/pages"}],"about":[{"href":"https:\/\/feeniks-koulu.fi\/wp_feeniks\/wp-json\/wp\/v2\/types\/page"}],"author":[{"embeddable":true,"href":"https:\/\/feeniks-koulu.fi\/wp_feeniks\/wp-json\/wp\/v2\/users\/1"}],"replies":[{"embeddable":true,"href":"https:\/\/feeniks-koulu.fi\/wp_feeniks\/wp-json\/wp\/v2\/comments?post=377"}],"version-history":[{"count":7,"href":"https:\/\/feeniks-koulu.fi\/wp_feeniks\/wp-json\/wp\/v2\/pages\/377\/revisions"}],"predecessor-version":[{"id":423,"href":"https:\/\/feeniks-koulu.fi\/wp_feeniks\/wp-json\/wp\/v2\/pages\/377\/revisions\/423"}],"wp:attachment":[{"href":"https:\/\/feeniks-koulu.fi\/wp_feeniks\/wp-json\/wp\/v2\/media?parent=377"}],"curies":[{"name":"wp","href":"https:\/\/api.w.org\/{rel}","templated":true}]}}