{"id":31,"date":"2016-08-15T15:48:25","date_gmt":"2016-08-15T15:48:25","guid":{"rendered":"https:\/\/feeniks-koulu.fi\/wp_feeniks\/?page_id=31"},"modified":"2026-03-18T14:05:56","modified_gmt":"2026-03-18T12:05:56","slug":"yhteystiedot","status":"publish","type":"page","link":"https:\/\/feeniks-koulu.fi\/wp_feeniks\/yhteystiedot\/","title":{"rendered":"Yhteystiedot"},"content":{"rendered":"<p><em>P\u00e4ivitetty 10.11.2025<\/em><\/p>\n<p>&nbsp;<\/p>\n<table class=\"contacts-table\" style=\"height: 301px;\" width=\"910\">\n<tbody>\n<tr>\n<td style=\"width: 120px;\" valign=\"top\"><img loading=\"lazy\" decoding=\"async\" class=\"alignnone size-medium wp-image-699\" src=\"https:\/\/feeniks-koulu.fi\/wp_feeniks\/wp-content\/uploads\/2023\/02\/IMG_7008-285x300.jpg\" alt=\"Milja Heinonen, Feeniks-nettikoulun ohjaaja\" width=\"285\" height=\"300\" srcset=\"https:\/\/feeniks-koulu.fi\/wp_feeniks\/wp-content\/uploads\/2023\/02\/IMG_7008-285x300.jpg 285w, https:\/\/feeniks-koulu.fi\/wp_feeniks\/wp-content\/uploads\/2023\/02\/IMG_7008-971x1024.jpg 971w, https:\/\/feeniks-koulu.fi\/wp_feeniks\/wp-content\/uploads\/2023\/02\/IMG_7008-768x810.jpg 768w, https:\/\/feeniks-koulu.fi\/wp_feeniks\/wp-content\/uploads\/2023\/02\/IMG_7008-1457x1536.jpg 1457w, https:\/\/feeniks-koulu.fi\/wp_feeniks\/wp-content\/uploads\/2023\/02\/IMG_7008-1943x2048.jpg 1943w, https:\/\/feeniks-koulu.fi\/wp_feeniks\/wp-content\/uploads\/2023\/02\/IMG_7008-1320x1392.jpg 1320w\" sizes=\"auto, (max-width: 285px) 100vw, 285px\" \/><\/td>\n<td><strong>Milja Heinonen<\/strong><br \/>\nFeeniks-nettikoulun toiminnanjohtaja<br \/>\npuh.\u00a0040\u00a0707\u00a00114<br \/>\nemail: milja.heinonen(at)feeniks-koulu.fi<\/td>\n<\/tr>\n<tr>\n<td style=\"width: 120px;\" valign=\"top\"><img loading=\"lazy\" decoding=\"async\" class=\"alignnone wp-image-856 size-thumbnail\" src=\"https:\/\/feeniks-koulu.fi\/wp_feeniks\/wp-content\/uploads\/2024\/06\/karita-leinonen-feeniks-nettikoulu-150x150.jpg\" alt=\"\" width=\"150\" height=\"150\" \/><\/td>\n<td><b>Karita Leinonen<\/b><br \/>\nFeeniks-nettikoulun ohjaaja<br \/>\npuh. +358 50 401 6158<br \/>\nemail: karita.leinonen(at)feeniks-koulu.fi<br \/>\nParhaiten tavoitettavissa s\u00e4hk\u00f6postitse tai tekstiviestill\u00e4. <em><br \/>\n<\/em><\/td>\n<\/tr>\n<tr>\n<td style=\"width: 120px;\" valign=\"top\"><img loading=\"lazy\" decoding=\"async\" class=\"alignnone wp-image-862 size-thumbnail\" src=\"https:\/\/feeniks-koulu.fi\/wp_feeniks\/wp-content\/uploads\/2024\/07\/Mun-kuva-v-150x150.jpg\" alt=\"Milaja Nuutinen Feeniks-nettikoulun ohjaaja\" width=\"150\" height=\"150\" srcset=\"https:\/\/feeniks-koulu.fi\/wp_feeniks\/wp-content\/uploads\/2024\/07\/Mun-kuva-v-150x150.jpg 150w, https:\/\/feeniks-koulu.fi\/wp_feeniks\/wp-content\/uploads\/2024\/07\/Mun-kuva-v-300x300.jpg 300w, https:\/\/feeniks-koulu.fi\/wp_feeniks\/wp-content\/uploads\/2024\/07\/Mun-kuva-v-768x765.jpg 768w, https:\/\/feeniks-koulu.fi\/wp_feeniks\/wp-content\/uploads\/2024\/07\/Mun-kuva-v.jpg 960w\" sizes=\"auto, (max-width: 150px) 100vw, 150px\" \/><\/td>\n<td><b>Milaja Nuutinen<\/b><br \/>\nFeeniks-nettikoulun ohjaaja<br \/>\npuh. 040 509 1919<br \/>\nemail: milaja.nuutinen(at)feeniks-koulu.fi<br \/>\nYhteydenotot ensisijaisesti s\u00e4hk\u00f6postilla tai WhatsAppiin. Mik\u00e4li en pysty vastaamaan puheluusi, j\u00e4t\u00e4 WhatsApp- tai tekstiviesti, niin otan yhteytt\u00e4 my\u00f6hemmin!<em><br \/>\n<\/em><\/td>\n<\/tr>\n<tr>\n<td style=\"width: 120px;\" valign=\"top\"><img loading=\"lazy\" decoding=\"async\" class=\"alignnone size-full wp-image-168\" src=\"https:\/\/feeniks-koulu.fi\/wp_feeniks\/wp-content\/uploads\/2018\/03\/hesari_zoom_square_120.jpg\" alt=\"\" width=\"120\" height=\"120\" \/><\/td>\n<td><b>Marko Koskinen<\/b><br \/>\nFeeniks-nettikoulun perustaja<br \/>\nWhatsapp +358 50 438 6658<br \/>\nmarko.koskinen(at)kehittyvakoulu.fi<br \/>\nTekninen tuki<\/td>\n<\/tr>\n<\/tbody>\n<\/table>\n<p>Mik\u00e4li emme vastaa puheluun, soitamme takaisinp\u00e4in, kun vapaudumme.<\/p>\n<p>&nbsp;<\/p>\n<h2>Info<\/h2>\n<p><a href=\"https:\/\/kehittyvakoulu.fi\/\" target=\"_blank\" rel=\"noopener\">Kehittyv\u00e4 koulu -yhdistys ry<\/a><\/p>\n<p><a href=\"https:\/\/feeniks-koulu.fi\/wp_feeniks\/evasteet\/\">Ev\u00e4stek\u00e4yt\u00e4nt\u00f6<\/a><\/p>\n<p><a href=\"https:\/\/feeniks-koulu.fi\/wp_feeniks\/rekisteriselostejatietosuoja\/\" target=\"_blank\" rel=\"noopener\">Rekisteriseloste ja tietosuoja<\/a><\/p>\n","protected":false},"excerpt":{"rendered":"<p>P\u00e4ivitetty 10.11.2025 &nbsp; Milja Heinonen Feeniks-nettikoulun toiminnanjohtaja puh.\u00a0040\u00a0707\u00a00114 email: milja.heinonen(at)feeniks-koulu.fi Karita Leinonen Feeniks-nettikoulun ohjaaja puh. +358 50 401 6158 email: karita.leinonen(at)feeniks-koulu.fi Parhaiten tavoitettavissa s\u00e4hk\u00f6postitse tai tekstiviestill\u00e4. Milaja Nuutinen Feeniks-nettikoulun ohjaaja puh. 040 509 1919 email: milaja.nuutinen(at)feeniks-koulu.fi Yhteydenotot ensisijaisesti s\u00e4hk\u00f6postilla tai WhatsAppiin. Mik\u00e4li en pysty vastaamaan puheluusi, j\u00e4t\u00e4 WhatsApp- tai tekstiviesti, niin otan yhteytt\u00e4 my\u00f6hemmin! Marko [&hellip;]<\/p>\n","protected":false},"author":1,"featured_media":0,"parent":0,"menu_order":0,"comment_status":"closed","ping_status":"closed","template":"","meta":{"_monsterinsights_skip_tracking":false,"_monsterinsights_sitenote_active":false,"_monsterinsights_sitenote_note":"","_monsterinsights_sitenote_category":0,"footnotes":""},"class_list":["post-31","page","type-page","status-publish","hentry"],"yoast_head":"<!-- This site is optimized with the Yoast SEO plugin v27.3 - https:\/\/yoast.com\/product\/yoast-seo-wordpress\/ -->\n<title>Yhteystiedot - Feeniks-nettikoulu<\/title>\n<meta name=\"robots\" content=\"index, follow, max-snippet:-1, max-image-preview:large, max-video-preview:-1\" \/>\n<link rel=\"canonical\" href=\"https:\/\/feeniks-koulu.fi\/wp_feeniks\/yhteystiedot\/\" \/>\n<meta property=\"og:locale\" content=\"fi_FI\" \/>\n<meta property=\"og:type\" content=\"article\" \/>\n<meta property=\"og:title\" content=\"Yhteystiedot - Feeniks-nettikoulu\" \/>\n<meta property=\"og:description\" content=\"P\u00e4ivitetty 10.11.2025 &nbsp; Milja Heinonen Feeniks-nettikoulun toiminnanjohtaja puh.\u00a0040\u00a0707\u00a00114 email: milja.heinonen(at)feeniks-koulu.fi Karita Leinonen Feeniks-nettikoulun ohjaaja puh. +358 50 401 6158 email: karita.leinonen(at)feeniks-koulu.fi Parhaiten tavoitettavissa s\u00e4hk\u00f6postitse tai tekstiviestill\u00e4. Milaja Nuutinen Feeniks-nettikoulun ohjaaja puh. 040 509 1919 email: milaja.nuutinen(at)feeniks-koulu.fi Yhteydenotot ensisijaisesti s\u00e4hk\u00f6postilla tai WhatsAppiin. Mik\u00e4li en pysty vastaamaan puheluusi, j\u00e4t\u00e4 WhatsApp- tai tekstiviesti, niin otan yhteytt\u00e4 my\u00f6hemmin! Marko [&hellip;]\" \/>\n<meta property=\"og:url\" content=\"https:\/\/feeniks-koulu.fi\/wp_feeniks\/yhteystiedot\/\" \/>\n<meta property=\"og:site_name\" content=\"Feeniks-nettikoulu\" \/>\n<meta property=\"article:modified_time\" content=\"2026-03-18T12:05:56+00:00\" \/>\n<meta property=\"og:image\" content=\"https:\/\/feeniks-koulu.fi\/wp_feeniks\/wp-content\/uploads\/2023\/02\/IMG_7008.jpg\" \/>\n\t<meta property=\"og:image:width\" content=\"2302\" \/>\n\t<meta property=\"og:image:height\" content=\"2427\" \/>\n\t<meta property=\"og:image:type\" content=\"image\/jpeg\" \/>\n<meta name=\"twitter:card\" content=\"summary_large_image\" \/>\n<meta name=\"twitter:label1\" content=\"Arvioitu lukuaika\" \/>\n\t<meta name=\"twitter:data1\" content=\"2 minuuttia\" \/>\n<script type=\"application\/ld+json\" class=\"yoast-schema-graph\">{\"@context\":\"https:\\\/\\\/schema.org\",\"@graph\":[{\"@type\":\"WebPage\",\"@id\":\"https:\\\/\\\/feeniks-koulu.fi\\\/wp_feeniks\\\/yhteystiedot\\\/\",\"url\":\"https:\\\/\\\/feeniks-koulu.fi\\\/wp_feeniks\\\/yhteystiedot\\\/\",\"name\":\"Yhteystiedot - Feeniks-nettikoulu\",\"isPartOf\":{\"@id\":\"https:\\\/\\\/feeniks-koulu.fi\\\/wp_feeniks\\\/#website\"},\"primaryImageOfPage\":{\"@id\":\"https:\\\/\\\/feeniks-koulu.fi\\\/wp_feeniks\\\/yhteystiedot\\\/#primaryimage\"},\"image\":{\"@id\":\"https:\\\/\\\/feeniks-koulu.fi\\\/wp_feeniks\\\/yhteystiedot\\\/#primaryimage\"},\"thumbnailUrl\":\"https:\\\/\\\/feeniks-koulu.fi\\\/wp_feeniks\\\/wp-content\\\/uploads\\\/2023\\\/02\\\/IMG_7008-285x300.jpg\",\"datePublished\":\"2016-08-15T15:48:25+00:00\",\"dateModified\":\"2026-03-18T12:05:56+00:00\",\"breadcrumb\":{\"@id\":\"https:\\\/\\\/feeniks-koulu.fi\\\/wp_feeniks\\\/yhteystiedot\\\/#breadcrumb\"},\"inLanguage\":\"fi\",\"potentialAction\":[{\"@type\":\"ReadAction\",\"target\":[\"https:\\\/\\\/feeniks-koulu.fi\\\/wp_feeniks\\\/yhteystiedot\\\/\"]}]},{\"@type\":\"ImageObject\",\"inLanguage\":\"fi\",\"@id\":\"https:\\\/\\\/feeniks-koulu.fi\\\/wp_feeniks\\\/yhteystiedot\\\/#primaryimage\",\"url\":\"https:\\\/\\\/feeniks-koulu.fi\\\/wp_feeniks\\\/wp-content\\\/uploads\\\/2023\\\/02\\\/IMG_7008.jpg\",\"contentUrl\":\"https:\\\/\\\/feeniks-koulu.fi\\\/wp_feeniks\\\/wp-content\\\/uploads\\\/2023\\\/02\\\/IMG_7008.jpg\",\"width\":2302,\"height\":2427,\"caption\":\"Milja Heinonen, Feeniks-nettikoulun ohjaaja\"},{\"@type\":\"BreadcrumbList\",\"@id\":\"https:\\\/\\\/feeniks-koulu.fi\\\/wp_feeniks\\\/yhteystiedot\\\/#breadcrumb\",\"itemListElement\":[{\"@type\":\"ListItem\",\"position\":1,\"name\":\"Etusivu\",\"item\":\"https:\\\/\\\/feeniks-koulu.fi\\\/wp_feeniks\\\/\"},{\"@type\":\"ListItem\",\"position\":2,\"name\":\"Yhteystiedot\"}]},{\"@type\":\"WebSite\",\"@id\":\"https:\\\/\\\/feeniks-koulu.fi\\\/wp_feeniks\\\/#website\",\"url\":\"https:\\\/\\\/feeniks-koulu.fi\\\/wp_feeniks\\\/\",\"name\":\"Feeniks-nettikoulu\",\"description\":\"\",\"publisher\":{\"@id\":\"https:\\\/\\\/feeniks-koulu.fi\\\/wp_feeniks\\\/#organization\"},\"potentialAction\":[{\"@type\":\"SearchAction\",\"target\":{\"@type\":\"EntryPoint\",\"urlTemplate\":\"https:\\\/\\\/feeniks-koulu.fi\\\/wp_feeniks\\\/?s={search_term_string}\"},\"query-input\":{\"@type\":\"PropertyValueSpecification\",\"valueRequired\":true,\"valueName\":\"search_term_string\"}}],\"inLanguage\":\"fi\"},{\"@type\":\"Organization\",\"@id\":\"https:\\\/\\\/feeniks-koulu.fi\\\/wp_feeniks\\\/#organization\",\"name\":\"Feeniks-nettikoulu\",\"url\":\"https:\\\/\\\/feeniks-koulu.fi\\\/wp_feeniks\\\/\",\"logo\":{\"@type\":\"ImageObject\",\"inLanguage\":\"fi\",\"@id\":\"https:\\\/\\\/feeniks-koulu.fi\\\/wp_feeniks\\\/#\\\/schema\\\/logo\\\/image\\\/\",\"url\":\"https:\\\/\\\/feeniks-koulu.fi\\\/wp_feeniks\\\/wp-content\\\/uploads\\\/2016\\\/08\\\/oranssi_pieni.png\",\"contentUrl\":\"https:\\\/\\\/feeniks-koulu.fi\\\/wp_feeniks\\\/wp-content\\\/uploads\\\/2016\\\/08\\\/oranssi_pieni.png\",\"width\":600,\"height\":187,\"caption\":\"Feeniks-nettikoulu\"},\"image\":{\"@id\":\"https:\\\/\\\/feeniks-koulu.fi\\\/wp_feeniks\\\/#\\\/schema\\\/logo\\\/image\\\/\"}}]}<\/script>\n<!-- \/ Yoast SEO plugin. -->","yoast_head_json":{"title":"Yhteystiedot - Feeniks-nettikoulu","robots":{"index":"index","follow":"follow","max-snippet":"max-snippet:-1","max-image-preview":"max-image-preview:large","max-video-preview":"max-video-preview:-1"},"canonical":"https:\/\/feeniks-koulu.fi\/wp_feeniks\/yhteystiedot\/","og_locale":"fi_FI","og_type":"article","og_title":"Yhteystiedot - Feeniks-nettikoulu","og_description":"P\u00e4ivitetty 10.11.2025 &nbsp; Milja Heinonen Feeniks-nettikoulun toiminnanjohtaja puh.\u00a0040\u00a0707\u00a00114 email: milja.heinonen(at)feeniks-koulu.fi Karita Leinonen Feeniks-nettikoulun ohjaaja puh. +358 50 401 6158 email: karita.leinonen(at)feeniks-koulu.fi Parhaiten tavoitettavissa s\u00e4hk\u00f6postitse tai tekstiviestill\u00e4. Milaja Nuutinen Feeniks-nettikoulun ohjaaja puh. 040 509 1919 email: milaja.nuutinen(at)feeniks-koulu.fi Yhteydenotot ensisijaisesti s\u00e4hk\u00f6postilla tai WhatsAppiin. Mik\u00e4li en pysty vastaamaan puheluusi, j\u00e4t\u00e4 WhatsApp- tai tekstiviesti, niin otan yhteytt\u00e4 my\u00f6hemmin! Marko [&hellip;]","og_url":"https:\/\/feeniks-koulu.fi\/wp_feeniks\/yhteystiedot\/","og_site_name":"Feeniks-nettikoulu","article_modified_time":"2026-03-18T12:05:56+00:00","og_image":[{"width":2302,"height":2427,"url":"https:\/\/feeniks-koulu.fi\/wp_feeniks\/wp-content\/uploads\/2023\/02\/IMG_7008.jpg","type":"image\/jpeg"}],"twitter_card":"summary_large_image","twitter_misc":{"Arvioitu lukuaika":"2 minuuttia"},"schema":{"@context":"https:\/\/schema.org","@graph":[{"@type":"WebPage","@id":"https:\/\/feeniks-koulu.fi\/wp_feeniks\/yhteystiedot\/","url":"https:\/\/feeniks-koulu.fi\/wp_feeniks\/yhteystiedot\/","name":"Yhteystiedot - Feeniks-nettikoulu","isPartOf":{"@id":"https:\/\/feeniks-koulu.fi\/wp_feeniks\/#website"},"primaryImageOfPage":{"@id":"https:\/\/feeniks-koulu.fi\/wp_feeniks\/yhteystiedot\/#primaryimage"},"image":{"@id":"https:\/\/feeniks-koulu.fi\/wp_feeniks\/yhteystiedot\/#primaryimage"},"thumbnailUrl":"https:\/\/feeniks-koulu.fi\/wp_feeniks\/wp-content\/uploads\/2023\/02\/IMG_7008-285x300.jpg","datePublished":"2016-08-15T15:48:25+00:00","dateModified":"2026-03-18T12:05:56+00:00","breadcrumb":{"@id":"https:\/\/feeniks-koulu.fi\/wp_feeniks\/yhteystiedot\/#breadcrumb"},"inLanguage":"fi","potentialAction":[{"@type":"ReadAction","target":["https:\/\/feeniks-koulu.fi\/wp_feeniks\/yhteystiedot\/"]}]},{"@type":"ImageObject","inLanguage":"fi","@id":"https:\/\/feeniks-koulu.fi\/wp_feeniks\/yhteystiedot\/#primaryimage","url":"https:\/\/feeniks-koulu.fi\/wp_feeniks\/wp-content\/uploads\/2023\/02\/IMG_7008.jpg","contentUrl":"https:\/\/feeniks-koulu.fi\/wp_feeniks\/wp-content\/uploads\/2023\/02\/IMG_7008.jpg","width":2302,"height":2427,"caption":"Milja Heinonen, Feeniks-nettikoulun ohjaaja"},{"@type":"BreadcrumbList","@id":"https:\/\/feeniks-koulu.fi\/wp_feeniks\/yhteystiedot\/#breadcrumb","itemListElement":[{"@type":"ListItem","position":1,"name":"Etusivu","item":"https:\/\/feeniks-koulu.fi\/wp_feeniks\/"},{"@type":"ListItem","position":2,"name":"Yhteystiedot"}]},{"@type":"WebSite","@id":"https:\/\/feeniks-koulu.fi\/wp_feeniks\/#website","url":"https:\/\/feeniks-koulu.fi\/wp_feeniks\/","name":"Feeniks-nettikoulu","description":"","publisher":{"@id":"https:\/\/feeniks-koulu.fi\/wp_feeniks\/#organization"},"potentialAction":[{"@type":"SearchAction","target":{"@type":"EntryPoint","urlTemplate":"https:\/\/feeniks-koulu.fi\/wp_feeniks\/?s={search_term_string}"},"query-input":{"@type":"PropertyValueSpecification","valueRequired":true,"valueName":"search_term_string"}}],"inLanguage":"fi"},{"@type":"Organization","@id":"https:\/\/feeniks-koulu.fi\/wp_feeniks\/#organization","name":"Feeniks-nettikoulu","url":"https:\/\/feeniks-koulu.fi\/wp_feeniks\/","logo":{"@type":"ImageObject","inLanguage":"fi","@id":"https:\/\/feeniks-koulu.fi\/wp_feeniks\/#\/schema\/logo\/image\/","url":"https:\/\/feeniks-koulu.fi\/wp_feeniks\/wp-content\/uploads\/2016\/08\/oranssi_pieni.png","contentUrl":"https:\/\/feeniks-koulu.fi\/wp_feeniks\/wp-content\/uploads\/2016\/08\/oranssi_pieni.png","width":600,"height":187,"caption":"Feeniks-nettikoulu"},"image":{"@id":"https:\/\/feeniks-koulu.fi\/wp_feeniks\/#\/schema\/logo\/image\/"}}]}},"_links":{"self":[{"href":"https:\/\/feeniks-koulu.fi\/wp_feeniks\/wp-json\/wp\/v2\/pages\/31","targetHints":{"allow":["GET"]}}],"collection":[{"href":"https:\/\/feeniks-koulu.fi\/wp_feeniks\/wp-json\/wp\/v2\/pages"}],"about":[{"href":"https:\/\/feeniks-koulu.fi\/wp_feeniks\/wp-json\/wp\/v2\/types\/page"}],"author":[{"embeddable":true,"href":"https:\/\/feeniks-koulu.fi\/wp_feeniks\/wp-json\/wp\/v2\/users\/1"}],"replies":[{"embeddable":true,"href":"https:\/\/feeniks-koulu.fi\/wp_feeniks\/wp-json\/wp\/v2\/comments?post=31"}],"version-history":[{"count":82,"href":"https:\/\/feeniks-koulu.fi\/wp_feeniks\/wp-json\/wp\/v2\/pages\/31\/revisions"}],"predecessor-version":[{"id":1449,"href":"https:\/\/feeniks-koulu.fi\/wp_feeniks\/wp-json\/wp\/v2\/pages\/31\/revisions\/1449"}],"wp:attachment":[{"href":"https:\/\/feeniks-koulu.fi\/wp_feeniks\/wp-json\/wp\/v2\/media?parent=31"}],"curies":[{"name":"wp","href":"https:\/\/api.w.org\/{rel}","templated":true}]}}